 is the thousands digit of 271568?
1
What is the ten thousands digit of 801523?
0
What is the units digit of 2155300?
0
What is the millions digit of 3093340?
3
What is the ten thousands digit of 173120?
7
What is the hundred thousands digit of 2808571?
8
What is the thousands digit of 295156?
5
What is the hundred thousands digit of 200848?
2
What is the thousands digit of 2550648?
0
What is the hundred thousands digit of 11947705?
9
What is the ten thousands digit of 594934?
9
What is the ten thousands digit of 129811?
2
What is the units digit of 309663?
3
What is the hundreds digit of 953165?
1
What is the units digit of 41526?
6
What is the units digit of 694549?
9
What is the hundred thousands digit of 7122314?
1
What is the thousands digit of 21361643?
1
What is the thousands digit of 888137?
8
What is the ten thousands digit of 3793874?
9
What is the thousands digit of 155574?
5
What is the ten thousands digit of 184207?
8
What is the hundreds digit of 81133?
1
What is the units digit of 182701?
1
What is the millions digit of 32312084?
2
What is the hundred thousands digit of 144508?
1
What is the millions digit of 4894466?
4
What is the hundreds digit of 127055?
0
What is the hundreds digit of 9205735?
7
What is the ten thousands digit of 5624977?
2
What is the hundred thousands digit of 11025844?
0
What is the units digit of 20979708?
8
What is the tens digit of 4290189?
8
What is the tens digit of 463848?
4
What is the ten thousands digit of 5483322?
8
What is the hundreds digit of 550744?
7
What is the millions digit of 5779025?
5
What is the millions digit of 18499848?
8
What is the thousands digit of 398782?
8
What is the tens digit of 155321?
2
What is the thousands digit of 5650016?
0
What is the tens digit of 184836?
3
What is the tens digit of 107925?
2
What is the hundred thousands digit of 802966?
8
What is the ten thousands digit of 19495694?
9
What is the millions digit of 1226086?
1
What is the hundreds digit of 2030813?
8
What is the units digit of 3027116?
6
What is the ten thousands digit of 31528346?
2
What is the tens digit of 19928620?
2
What is the ten thousands digit of 26707716?
0
What is the thousands digit of 77869?
7
What is the millions digit of 6440784?
6
What is the hundreds digit of 1154742?
7
What is the thousands digit of 1208574?
8
What is the units digit of 2529281?
1
What is the hundreds digit of 402274?
2
What is the ten thousands digit of 164736?
6
What is the thousands digit of 303191?
3
What is the hundreds digit of 6572574?
5
What is the hundreds digit of 313623?
6
What is the hundreds digit of 2240745?
7
What is the hundreds digit of 436125?
1
What is the ten thousands digit of 165738?
6
What is the hundreds digit of 578721?
7
What is the units digit of 534729?
9
What is the hundreds digit of 250714?
7
What is the hundred thousands digit of 209621?
2
What is the ten thousands digit of 218071?
1
What is the hundreds digit of 1104862?
8
What is the tens digit of 270810?
1
What is the tens digit of 135504?
0
What is the hundred thousands digit of 5140950?
1
What is the hundred thousands digit of 309508?
3
What is the millions digit of 4234874?
4
What is the hundreds digit of 248505?
5
What is the thousands digit of 20233554?
3
What is the thousands digit of 7733544?
3
What is the units digit of 213603?
3
What is the millions digit of 14331773?
4
What is the ten thousands digit of 524727?
2
What is the hundred thousands digit of 670331?
6
What is the tens digit of 242131?
3
What is the thousands digit of 7813611?
3
What is the ten thousands digit of 467808?
6
What is the ten thousands digit of 4625042?
2
What is the ten thousands digit of 613477?
1
What is the tens digit of 462450?
5
What is the thousands digit of 565818?
5
What is the ten millions digit of 12933529?
1
What is the tens digit of 177719?
1
What is the thousands digit of 1338966?
8
What is the ten thousands digit of 3052010?
5
What is the units digit of 1791680?
0
What is the hundreds digit of 7359295?
2
What is the millions digit of 2280949?
2
What is the units digit of 1267996?
6
What is the units digit of 3332099?
9
What is the thousands digit of 2065017?
5
What is the ten thousands digit of 10674552?
7
What is the tens digit of 7953822?
2
What is the tens digit of 139546?
4
What is the units digit of 253736?
6
What is the hundreds digit of 277695?
6
What is the ten thousands digit of 211872?
1
What is the tens digit of 980034?
3
What is the units digit of 7496001?
1
What is the tens digit of 287497?
9
What is the millions digit of 12048373?
2
What is the hundred thousands digit of 162635?
1
What is the ten thousands digit of 312092?
1
What is the units digit of 1247917?
7
What is the hundreds digit of 181034?
0
What is the hundreds digit of 306417?
4
What is the hundred thousands digit of 1473145?
4
What is the units digit of 646124?
4
What is the thousands digit of 1846685?
6
What is the ten thousands digit of 347897?
4
What is the hundreds digit of 1627421?
4
What is the units digit of 28142553?
3
What is the hundreds digit of 92442?
4
What is the hundreds digit of 24581009?
0
What is the hundred thousands digit of 4159234?
1
What is the millions digit of 1520285?
1
What is the units digit of 226508?
8
What is the ten thousands digit of 90251?
9
What is the thousands digit of 13746553?
6
What is the hundreds digit of 8211228?
2
What is the tens digit of 95942?
4
What is the hundreds digit of 209533?
5
What is the thousands digit of 7127757?
7
What is the ten thousands digit of 429348?
2
What is the hundreds digit of 18675316?
3
What is the ten thousands digit of 3130080?
3
What is the units digit of 209306?
6
What is the ten thousands digit of 40494?
4
What is the millions digit of 4175418?
4
What is the ten thousands digit of 152554?
5
What is the ten thousands digit of 689044?
8
What is the hundreds digit of 9346302?
3
What is the hundred thousands digit of 1066932?
0
What is the hundred thousands digit of 601745?
6
What is the millions digit of 2160720?
2
What is the thousands digit of 1148099?
8
What is the thousands digit of 32796?
2
What is the thousands digit of 40632?
0
What is the millions digit of 10623953?
0
What is the thousands digit of 342931?
2
What is the millions digit of 12013563?
2
What is the ten thousands digit of 37511?
3
What is the ten thousands digit of 80928?
8
What is the units digit of 130354?
4
What is the ten thousands digit of 765892?
6
What is the thousands digit of 66828?
6
What is the units digit of 2743050?
0
What is the tens digit of 12870?
7
What is the ten thousands digit of 832583?
3
What is the millions digit of 5947214?
5
What is the ten thousands digit of 1086836?
8
What is the units digit of 113402?
2
What is the tens digit of 904754?
5
What is the thousands digit of 25001330?
1
What is the tens digit of 1421969?
6
What is the units digit of 820137?
7
What is the hundred thousands digit of 236745?
2
What is the thousands digit of 213115?
3
What is the thousands digit of 4514605?
4
What is the tens digit of 10977970?
7
What is the ten thousands digit of 127367?
2
What is the thousands digit of 5006362?
6
What is the hundred thousands digit of 400668?
4
What is the millions digit of 2718733?
2
What is the hundreds digit of 1514172?
1
What is the hundred thousands digit of 5022684?
0
What is the units digit of 8236557?
7
What is the thousands digit of 466407?
6
What is the tens digit of 4786631?
3
What is the thousands digit of 4890482?
0
What is the ten thousands digit of 6609077?
0
What is the hundreds digit of 14543703?
7
What is the hundred thousands digit of 3429956?
4
What is the ten thousands digit of 1988570?
8
What is the hundreds digit of 17538613?
6
What is the hundred thousands digit of 230148?
2
What is the thousands digit of 589769?
9
What is the hundreds digit of 1000117?
1
What is the ten thousands digit of 49623?
4
What is the hundreds digit of 455607?
6
What is the hundreds digit of 2671728?
7
What is the tens digit of 21244150?
5
What is the tens digit of 1156197?
9
What is the thousands digit of 410024?
0
What is the hundred thousands digit of 192137?
1
What is the ten thousands digit of 2929789?
2
What is the hundreds digit of 4051009?
0
What is the tens digit of